{"id":34,"date":"2025-02-25T09:41:14","date_gmt":"2025-02-25T09:41:14","guid":{"rendered":"https:\/\/portaxgo.tunuevasl.com\/index.php\/gracias-por-tu-solicitud\/"},"modified":"2025-02-25T09:41:24","modified_gmt":"2025-02-25T09:41:24","slug":"gracias-por-tu-solicitud","status":"publish","type":"page","link":"https:\/\/portaxgo.tunuevasl.com\/index.php\/gracias-por-tu-solicitud\/","title":{"rendered":"Gracias por tu solicitud"},"content":{"rendered":"\t\t<div data-elementor-type=\"wp-page\" data-elementor-id=\"34\" class=\"elementor elementor-34\">\n\t\t\t\t\t\t<section class=\"elementor-section elementor-top-section elementor-element elementor-element-4d732bb0 elementor-section-height-min-height elementor-section-boxed elementor-section-height-default elementor-section-items-middle\" data-id=\"4d732bb0\" data-element_type=\"section\" data-settings=\"{&quot;background_background&quot;:&quot;classic&quot;}\">\n\t\t\t\t\t\t\t<div class=\"elementor-background-overlay\"><\/div>\n\t\t\t\t\t\t\t<div class=\"elementor-container elementor-column-gap-default\">\n\t\t\t\t\t<div class=\"elementor-column elementor-col-100 elementor-top-column elementor-element elementor-element-7e6f8ebe\" data-id=\"7e6f8ebe\" data-element_type=\"column\">\n\t\t\t<div class=\"elementor-widget-wrap elementor-element-populated\">\n\t\t\t\t\t\t<div class=\"elementor-element elementor-element-41655b84 elementor-widget elementor-widget-image\" data-id=\"41655b84\" data-element_type=\"widget\" data-widget_type=\"image.default\">\n\t\t\t\t<div class=\"elementor-widget-container\">\n\t\t\t\t\t\t\t\t\t\t\t\t\t\t\t<img fetchpriority=\"high\" decoding=\"async\" width=\"1024\" height=\"272\" src=\"https:\/\/portaxgo.tunuevasl.com\/wp-content\/uploads\/2025\/02\/Color-logo-no-background-1024x272.png\" class=\"attachment-large size-large wp-image-35\" alt=\"\" srcset=\"https:\/\/portaxgo.tunuevasl.com\/wp-content\/uploads\/2025\/02\/Color-logo-no-background-1024x272.png 1024w, https:\/\/portaxgo.tunuevasl.com\/wp-content\/uploads\/2025\/02\/Color-logo-no-background-300x80.png 300w, https:\/\/portaxgo.tunuevasl.com\/wp-content\/uploads\/2025\/02\/Color-logo-no-background-768x204.png 768w, https:\/\/portaxgo.tunuevasl.com\/wp-content\/uploads\/2025\/02\/Color-logo-no-background-1536x407.png 1536w, https:\/\/portaxgo.tunuevasl.com\/wp-content\/uploads\/2025\/02\/Color-logo-no-background-2048x543.png 2048w\" sizes=\"(max-width: 1024px) 100vw, 1024px\" \/>\t\t\t\t\t\t\t\t\t\t\t\t\t\t\t<\/div>\n\t\t\t\t<\/div>\n\t\t\t\t<div class=\"elementor-element elementor-element-2cdcef2e elementor-widget elementor-widget-heading\" data-id=\"2cdcef2e\" data-element_type=\"widget\" data-widget_type=\"heading.default\">\n\t\t\t\t<div class=\"elementor-widget-container\">\n\t\t\t\t\t<h2 class=\"elementor-heading-title elementor-size-default\">\u00a1Contactaremos contigo pronto!<\/h2>\t\t\t\t<\/div>\n\t\t\t\t<\/div>\n\t\t\t\t<div class=\"elementor-element elementor-element-ae98f62 elementor-widget elementor-widget-text-editor\" data-id=\"ae98f62\" data-element_type=\"widget\" data-widget_type=\"text-editor.default\">\n\t\t\t\t<div class=\"elementor-widget-container\">\n\t\t\t\t\t\t\t\t\t<p>En breves nos pondremos en contacto para concretar todos los detalles de tu alta como aut\u00f3nomo.<\/p>\t\t\t\t\t\t\t\t<\/div>\n\t\t\t\t<\/div>\n\t\t\t\t<section class=\"elementor-section elementor-inner-section elementor-element elementor-element-7de16052 elementor-section-full_width elementor-section-height-default elementor-section-height-default\" data-id=\"7de16052\" data-element_type=\"section\">\n\t\t\t\t\t\t<div class=\"elementor-container elementor-column-gap-default\">\n\t\t\t\t\t<div class=\"elementor-column elementor-col-100 elementor-inner-column elementor-element elementor-element-6c5b1e0b\" data-id=\"6c5b1e0b\" data-element_type=\"column\">\n\t\t\t<div class=\"elementor-widget-wrap elementor-element-populated\">\n\t\t\t\t\t\t<div class=\"elementor-element elementor-element-64c705bd elementor-widget elementor-widget-text-editor\" data-id=\"64c705bd\" data-element_type=\"widget\" data-widget_type=\"text-editor.default\">\n\t\t\t\t<div class=\"elementor-widget-container\">\n\t\t\t\t\t\t\t\t\t<p>Env\u00edanos un WhatsApp con informaci\u00f3n relevante sobre la alta como aut\u00f3nomo para poder ofrecerte una respuesta personalizada cuando te llamemos.<\/p>\t\t\t\t\t\t\t\t<\/div>\n\t\t\t\t<\/div>\n\t\t\t\t<div class=\"elementor-element elementor-element-78322086 elementor-align-center elementor-widget elementor-widget-button\" data-id=\"78322086\" data-element_type=\"widget\" data-widget_type=\"button.default\">\n\t\t\t\t<div class=\"elementor-widget-container\">\n\t\t\t\t\t\t\t\t\t<div class=\"elementor-button-wrapper\">\n\t\t\t\t\t<a class=\"elementor-button elementor-button-link elementor-size-sm elementor-animation-float\" href=\"https:\/\/api.whatsapp.com\/send\/?phone=34658764276&#038;text&#038;type=phone_number&#038;app_absent=0\">\n\t\t\t\t\t\t<span class=\"elementor-button-content-wrapper\">\n\t\t\t\t\t\t<span class=\"elementor-button-icon\">\n\t\t\t\t<svg aria-hidden=\"true\" class=\"e-font-icon-svg e-far-arrow-alt-circle-right\" viewBox=\"0 0 512 512\" xmlns=\"http:\/\/www.w3.org\/2000\/svg\"><path d=\"M504 256C504 119 393 8 256 8S8 119 8 256s111 248 248 248 248-111 248-248zm-448 0c0-110.5 89.5-200 200-200s200 89.5 200 200-89.5 200-200 200S56 366.5 56 256zm72 20v-40c0-6.6 5.4-12 12-12h116v-67c0-10.7 12.9-16 20.5-8.5l99 99c4.7 4.7 4.7 12.3 0 17l-99 99c-7.6 7.6-20.5 2.2-20.5-8.5v-67H140c-6.6 0-12-5.4-12-12z\"><\/path><\/svg>\t\t\t<\/span>\n\t\t\t\t\t\t\t\t\t<span class=\"elementor-button-text\">WhatsApp<\/span>\n\t\t\t\t\t<\/span>\n\t\t\t\t\t<\/a>\n\t\t\t\t<\/div>\n\t\t\t\t\t\t\t\t<\/div>\n\t\t\t\t<\/div>\n\t\t\t\t\t<\/div>\n\t\t<\/div>\n\t\t\t\t\t<\/div>\n\t\t<\/section>\n\t\t\t\t<div class=\"elementor-element elementor-element-44ebbad0 elementor-widget elementor-widget-heading\" data-id=\"44ebbad0\" data-element_type=\"widget\" data-widget_type=\"heading.default\">\n\t\t\t\t<div class=\"elementor-widget-container\">\n\t\t\t\t\t<h2 class=\"elementor-heading-title elementor-size-default\">Tambi\u00e9n puedes encontrarnos aqu\u00ed:<\/h2>\t\t\t\t<\/div>\n\t\t\t\t<\/div>\n\t\t\t\t<section class=\"elementor-section elementor-inner-section elementor-element elementor-element-3a979c2b elementor-section-full_width elementor-section-height-default elementor-section-height-default\" data-id=\"3a979c2b\" data-element_type=\"section\">\n\t\t\t\t\t\t<div class=\"elementor-container elementor-column-gap-default\">\n\t\t\t\t\t<div class=\"elementor-column elementor-col-50 elementor-inner-column elementor-element elementor-element-5bb1c762\" data-id=\"5bb1c762\" data-element_type=\"column\">\n\t\t\t<div class=\"elementor-widget-wrap elementor-element-populated\">\n\t\t\t\t\t\t<div class=\"elementor-element elementor-element-5b4851 elementor-position-left elementor-vertical-align-middle elementor-view-default elementor-mobile-position-top elementor-widget elementor-widget-icon-box\" data-id=\"5b4851\" data-element_type=\"widget\" data-widget_type=\"icon-box.default\">\n\t\t\t\t<div class=\"elementor-widget-container\">\n\t\t\t\t\t\t\t<div class=\"elementor-icon-box-wrapper\">\n\n\t\t\t\t\t\t<div class=\"elementor-icon-box-icon\">\n\t\t\t\t<span  class=\"elementor-icon\">\n\t\t\t\t<svg aria-hidden=\"true\" class=\"e-font-icon-svg e-fas-phone-alt\" viewBox=\"0 0 512 512\" xmlns=\"http:\/\/www.w3.org\/2000\/svg\"><path d=\"M497.39 361.8l-112-48a24 24 0 0 0-28 6.9l-49.6 60.6A370.66 370.66 0 0 1 130.6 204.11l60.6-49.6a23.94 23.94 0 0 0 6.9-28l-48-112A24.16 24.16 0 0 0 122.6.61l-104 24A24 24 0 0 0 0 48c0 256.5 207.9 464 464 464a24 24 0 0 0 23.4-18.6l24-104a24.29 24.29 0 0 0-14.01-27.6z\"><\/path><\/svg>\t\t\t\t<\/span>\n\t\t\t<\/div>\n\t\t\t\n\t\t\t\t\t\t<div class=\"elementor-icon-box-content\">\n\n\t\t\t\t\t\t\t\t\t<h3 class=\"elementor-icon-box-title\">\n\t\t\t\t\t\t<span  >\n\t\t\t\t\t\t\tTel\u00e9fono\t\t\t\t\t\t<\/span>\n\t\t\t\t\t<\/h3>\n\t\t\t\t\n\t\t\t\t\t\t\t\t\t<p class=\"elementor-icon-box-description\">\n\t\t\t\t\t\t658-76-42-76 \t\t\t\t\t<\/p>\n\t\t\t\t\n\t\t\t<\/div>\n\t\t\t\n\t\t<\/div>\n\t\t\t\t\t\t<\/div>\n\t\t\t\t<\/div>\n\t\t\t\t<div class=\"elementor-element elementor-element-56fe7f1 elementor-position-left elementor-vertical-align-middle elementor-view-default elementor-mobile-position-top elementor-widget elementor-widget-icon-box\" data-id=\"56fe7f1\" data-element_type=\"widget\" data-widget_type=\"icon-box.default\">\n\t\t\t\t<div class=\"elementor-widget-container\">\n\t\t\t\t\t\t\t<div class=\"elementor-icon-box-wrapper\">\n\n\t\t\t\t\t\t<div class=\"elementor-icon-box-icon\">\n\t\t\t\t<span  class=\"elementor-icon\">\n\t\t\t\t<svg aria-hidden=\"true\" class=\"e-font-icon-svg e-fas-location-arrow\" viewBox=\"0 0 512 512\" xmlns=\"http:\/\/www.w3.org\/2000\/svg\"><path d=\"M444.52 3.52L28.74 195.42c-47.97 22.39-31.98 92.75 19.19 92.75h175.91v175.91c0 51.17 70.36 67.17 92.75 19.19l191.9-415.78c15.99-38.39-25.59-79.97-63.97-63.97z\"><\/path><\/svg>\t\t\t\t<\/span>\n\t\t\t<\/div>\n\t\t\t\n\t\t\t\t\t\t<div class=\"elementor-icon-box-content\">\n\n\t\t\t\t\t\t\t\t\t<h3 class=\"elementor-icon-box-title\">\n\t\t\t\t\t\t<span  >\n\t\t\t\t\t\t\tDirecci\u00f3n\t\t\t\t\t\t<\/span>\n\t\t\t\t\t<\/h3>\n\t\t\t\t\n\t\t\t\t\t\t\t\t\t<p class=\"elementor-icon-box-description\">\n\t\t\t\t\t\tRambla de Catalunya, 98, 3\u00ba 1a, Eixample, 08008 Barcelona\t\t\t\t\t<\/p>\n\t\t\t\t\n\t\t\t<\/div>\n\t\t\t\n\t\t<\/div>\n\t\t\t\t\t\t<\/div>\n\t\t\t\t<\/div>\n\t\t\t\t\t<\/div>\n\t\t<\/div>\n\t\t\t\t<div class=\"elementor-column elementor-col-50 elementor-inner-column elementor-element elementor-element-1b7d46e6\" data-id=\"1b7d46e6\" data-element_type=\"column\">\n\t\t\t<div class=\"elementor-widget-wrap elementor-element-populated\">\n\t\t\t\t\t\t<div class=\"elementor-element elementor-element-79bbddc8 elementor-widget elementor-widget-google_maps\" data-id=\"79bbddc8\" data-element_type=\"widget\" data-widget_type=\"google_maps.default\">\n\t\t\t\t<div class=\"elementor-widget-container\">\n\t\t\t\t\t\t\t<div class=\"elementor-custom-embed\">\n\t\t\t<iframe loading=\"lazy\"\n\t\t\t\t\tsrc=\"https:\/\/maps.google.com\/maps?q=Rambla%20de%20Catalunya%2C%2098%2C%203%C2%BA%201a&#038;t=m&#038;z=16&#038;output=embed&#038;iwloc=near\"\n\t\t\t\t\ttitle=\"Rambla de Catalunya, 98, 3\u00ba 1a\"\n\t\t\t\t\taria-label=\"Rambla de Catalunya, 98, 3\u00ba 1a\"\n\t\t\t><\/iframe>\n\t\t<\/div>\n\t\t\t\t\t\t<\/div>\n\t\t\t\t<\/div>\n\t\t\t\t\t<\/div>\n\t\t<\/div>\n\t\t\t\t\t<\/div>\n\t\t<\/section>\n\t\t\t\t\t<\/div>\n\t\t<\/div>\n\t\t\t\t\t<\/div>\n\t\t<\/section>\n\t\t\t\t<section class=\"elementor-section elementor-top-section elementor-element elementor-element-7bd1588f elementor-section-boxed elementor-section-height-default elementor-section-height-default\" data-id=\"7bd1588f\" data-element_type=\"section\" data-settings=\"{&quot;background_background&quot;:&quot;classic&quot;}\">\n\t\t\t\t\t\t<div class=\"elementor-container elementor-column-gap-default\">\n\t\t\t\t\t<div class=\"elementor-column elementor-col-100 elementor-top-column elementor-element elementor-element-7ba823ef\" data-id=\"7ba823ef\" data-element_type=\"column\">\n\t\t\t<div class=\"elementor-widget-wrap elementor-element-populated\">\n\t\t\t\t\t\t<div class=\"elementor-element elementor-element-1ace2620 elementor-widget elementor-widget-text-editor\" data-id=\"1ace2620\" data-element_type=\"widget\" data-widget_type=\"text-editor.default\">\n\t\t\t\t<div class=\"elementor-widget-container\">\n\t\t\t\t\t\t\t\t\t<div class=\"copyright-text text-center\">Copyright \u00a9 2024\u00a0<a href=\"https:\/\/tunuevasl.com\/#\" target=\"_blank\" rel=\"noopener\">Grupo Gestor<\/a><\/div><div class=\"copyright-text text-center\"><a href=\"https:\/\/tunuevasl.com\/politica-de-privacidad\">Politica de privacidad<\/a>\u00a0|\u00a0<a href=\"https:\/\/tunuevasl.com\/politica-de-cookies\">Politica de cookies<\/a>\u00a0|\u00a0<a href=\"https:\/\/tunuevasl.com\/aviso-legal\">Aviso Legal<\/a>\u00a0|\u00a0<a href=\"https:\/\/tunuevasl.com\/accesibilidad\">Accesibilidad<\/a><\/div>\t\t\t\t\t\t\t\t<\/div>\n\t\t\t\t<\/div>\n\t\t\t\t\t<\/div>\n\t\t<\/div>\n\t\t\t\t\t<\/div>\n\t\t<\/section>\n\t\t\t\t<\/div>\n\t\t","protected":false},"excerpt":{"rendered":"<p>\u00a1Contactaremos contigo pronto! En breves nos pondremos en contacto para concretar todos los detalles de tu alta como aut\u00f3nomo. Env\u00edanos un WhatsApp con informaci\u00f3n relevante sobre la alta como aut\u00f3nomo para poder ofrecerte una respuesta personalizada cuando te llamemos. WhatsApp Tambi\u00e9n puedes encontrarnos aqu\u00ed: Tel\u00e9fono 658-76-42-76 Direcci\u00f3n Rambla de Catalunya, 98, 3\u00ba 1a, Eixample, 08008 [&hellip;]<\/p>\n","protected":false},"author":1,"featured_media":0,"parent":0,"menu_order":0,"comment_status":"closed","ping_status":"closed","template":"elementor_canvas","meta":{"_joinchat":[],"footnotes":""},"class_list":["post-34","page","type-page","status-publish","hentry"],"yoast_head":"<!-- This site is optimized with the Yoast SEO plugin v24.5 - https:\/\/yoast.com\/wordpress\/plugins\/seo\/ -->\n<title>Gracias por tu solicitud - porTAXgo<\/title>\n<meta name=\"robots\" content=\"index, follow, max-snippet:-1, max-image-preview:large, max-video-preview:-1\" \/>\n<link rel=\"canonical\" href=\"https:\/\/portaxgo.tunuevasl.com\/index.php\/gracias-por-tu-solicitud\/\" \/>\n<meta property=\"og:locale\" content=\"es_ES\" \/>\n<meta property=\"og:type\" content=\"article\" \/>\n<meta property=\"og:title\" content=\"Gracias por tu solicitud - porTAXgo\" \/>\n<meta property=\"og:description\" content=\"\u00a1Contactaremos contigo pronto! En breves nos pondremos en contacto para concretar todos los detalles de tu alta como aut\u00f3nomo. Env\u00edanos un WhatsApp con informaci\u00f3n relevante sobre la alta como aut\u00f3nomo para poder ofrecerte una respuesta personalizada cuando te llamemos. WhatsApp Tambi\u00e9n puedes encontrarnos aqu\u00ed: Tel\u00e9fono 658-76-42-76 Direcci\u00f3n Rambla de Catalunya, 98, 3\u00ba 1a, Eixample, 08008 [&hellip;]\" \/>\n<meta property=\"og:url\" content=\"https:\/\/portaxgo.tunuevasl.com\/index.php\/gracias-por-tu-solicitud\/\" \/>\n<meta property=\"og:site_name\" content=\"porTAXgo\" \/>\n<meta property=\"article:modified_time\" content=\"2025-02-25T09:41:24+00:00\" \/>\n<meta property=\"og:image\" content=\"https:\/\/portaxgo.tunuevasl.com\/wp-content\/uploads\/2025\/02\/Color-logo-no-background.png\" \/>\n\t<meta property=\"og:image:width\" content=\"3163\" \/>\n\t<meta property=\"og:image:height\" content=\"839\" \/>\n\t<meta property=\"og:image:type\" content=\"image\/png\" \/>\n<meta name=\"twitter:card\" content=\"summary_large_image\" \/>\n<script type=\"application\/ld+json\" class=\"yoast-schema-graph\">{\"@context\":\"https:\/\/schema.org\",\"@graph\":[{\"@type\":\"WebPage\",\"@id\":\"https:\/\/portaxgo.tunuevasl.com\/index.php\/gracias-por-tu-solicitud\/\",\"url\":\"https:\/\/portaxgo.tunuevasl.com\/index.php\/gracias-por-tu-solicitud\/\",\"name\":\"Gracias por tu solicitud - porTAXgo\",\"isPartOf\":{\"@id\":\"https:\/\/portaxgo.tunuevasl.com\/#website\"},\"primaryImageOfPage\":{\"@id\":\"https:\/\/portaxgo.tunuevasl.com\/index.php\/gracias-por-tu-solicitud\/#primaryimage\"},\"image\":{\"@id\":\"https:\/\/portaxgo.tunuevasl.com\/index.php\/gracias-por-tu-solicitud\/#primaryimage\"},\"thumbnailUrl\":\"https:\/\/portaxgo.tunuevasl.com\/wp-content\/uploads\/2025\/02\/Color-logo-no-background-1024x272.png\",\"datePublished\":\"2025-02-25T09:41:14+00:00\",\"dateModified\":\"2025-02-25T09:41:24+00:00\",\"breadcrumb\":{\"@id\":\"https:\/\/portaxgo.tunuevasl.com\/index.php\/gracias-por-tu-solicitud\/#breadcrumb\"},\"inLanguage\":\"es\",\"potentialAction\":[{\"@type\":\"ReadAction\",\"target\":[\"https:\/\/portaxgo.tunuevasl.com\/index.php\/gracias-por-tu-solicitud\/\"]}]},{\"@type\":\"ImageObject\",\"inLanguage\":\"es\",\"@id\":\"https:\/\/portaxgo.tunuevasl.com\/index.php\/gracias-por-tu-solicitud\/#primaryimage\",\"url\":\"https:\/\/portaxgo.tunuevasl.com\/wp-content\/uploads\/2025\/02\/Color-logo-no-background.png\",\"contentUrl\":\"https:\/\/portaxgo.tunuevasl.com\/wp-content\/uploads\/2025\/02\/Color-logo-no-background.png\",\"width\":3163,\"height\":839},{\"@type\":\"BreadcrumbList\",\"@id\":\"https:\/\/portaxgo.tunuevasl.com\/index.php\/gracias-por-tu-solicitud\/#breadcrumb\",\"itemListElement\":[{\"@type\":\"ListItem\",\"position\":1,\"name\":\"Portada\",\"item\":\"https:\/\/portaxgo.tunuevasl.com\/\"},{\"@type\":\"ListItem\",\"position\":2,\"name\":\"Gracias por tu solicitud\"}]},{\"@type\":\"WebSite\",\"@id\":\"https:\/\/portaxgo.tunuevasl.com\/#website\",\"url\":\"https:\/\/portaxgo.tunuevasl.com\/\",\"name\":\"porTAXgo\",\"description\":\"porTAXgo\",\"potentialAction\":[{\"@type\":\"SearchAction\",\"target\":{\"@type\":\"EntryPoint\",\"urlTemplate\":\"https:\/\/portaxgo.tunuevasl.com\/?s={search_term_string}\"},\"query-input\":{\"@type\":\"PropertyValueSpecification\",\"valueRequired\":true,\"valueName\":\"search_term_string\"}}],\"inLanguage\":\"es\"}]}<\/script>\n<!-- \/ Yoast SEO plugin. -->","yoast_head_json":{"title":"Gracias por tu solicitud - porTAXgo","robots":{"index":"index","follow":"follow","max-snippet":"max-snippet:-1","max-image-preview":"max-image-preview:large","max-video-preview":"max-video-preview:-1"},"canonical":"https:\/\/portaxgo.tunuevasl.com\/index.php\/gracias-por-tu-solicitud\/","og_locale":"es_ES","og_type":"article","og_title":"Gracias por tu solicitud - porTAXgo","og_description":"\u00a1Contactaremos contigo pronto! En breves nos pondremos en contacto para concretar todos los detalles de tu alta como aut\u00f3nomo. Env\u00edanos un WhatsApp con informaci\u00f3n relevante sobre la alta como aut\u00f3nomo para poder ofrecerte una respuesta personalizada cuando te llamemos. WhatsApp Tambi\u00e9n puedes encontrarnos aqu\u00ed: Tel\u00e9fono 658-76-42-76 Direcci\u00f3n Rambla de Catalunya, 98, 3\u00ba 1a, Eixample, 08008 [&hellip;]","og_url":"https:\/\/portaxgo.tunuevasl.com\/index.php\/gracias-por-tu-solicitud\/","og_site_name":"porTAXgo","article_modified_time":"2025-02-25T09:41:24+00:00","og_image":[{"width":3163,"height":839,"url":"https:\/\/portaxgo.tunuevasl.com\/wp-content\/uploads\/2025\/02\/Color-logo-no-background.png","type":"image\/png"}],"twitter_card":"summary_large_image","schema":{"@context":"https:\/\/schema.org","@graph":[{"@type":"WebPage","@id":"https:\/\/portaxgo.tunuevasl.com\/index.php\/gracias-por-tu-solicitud\/","url":"https:\/\/portaxgo.tunuevasl.com\/index.php\/gracias-por-tu-solicitud\/","name":"Gracias por tu solicitud - porTAXgo","isPartOf":{"@id":"https:\/\/portaxgo.tunuevasl.com\/#website"},"primaryImageOfPage":{"@id":"https:\/\/portaxgo.tunuevasl.com\/index.php\/gracias-por-tu-solicitud\/#primaryimage"},"image":{"@id":"https:\/\/portaxgo.tunuevasl.com\/index.php\/gracias-por-tu-solicitud\/#primaryimage"},"thumbnailUrl":"https:\/\/portaxgo.tunuevasl.com\/wp-content\/uploads\/2025\/02\/Color-logo-no-background-1024x272.png","datePublished":"2025-02-25T09:41:14+00:00","dateModified":"2025-02-25T09:41:24+00:00","breadcrumb":{"@id":"https:\/\/portaxgo.tunuevasl.com\/index.php\/gracias-por-tu-solicitud\/#breadcrumb"},"inLanguage":"es","potentialAction":[{"@type":"ReadAction","target":["https:\/\/portaxgo.tunuevasl.com\/index.php\/gracias-por-tu-solicitud\/"]}]},{"@type":"ImageObject","inLanguage":"es","@id":"https:\/\/portaxgo.tunuevasl.com\/index.php\/gracias-por-tu-solicitud\/#primaryimage","url":"https:\/\/portaxgo.tunuevasl.com\/wp-content\/uploads\/2025\/02\/Color-logo-no-background.png","contentUrl":"https:\/\/portaxgo.tunuevasl.com\/wp-content\/uploads\/2025\/02\/Color-logo-no-background.png","width":3163,"height":839},{"@type":"BreadcrumbList","@id":"https:\/\/portaxgo.tunuevasl.com\/index.php\/gracias-por-tu-solicitud\/#breadcrumb","itemListElement":[{"@type":"ListItem","position":1,"name":"Portada","item":"https:\/\/portaxgo.tunuevasl.com\/"},{"@type":"ListItem","position":2,"name":"Gracias por tu solicitud"}]},{"@type":"WebSite","@id":"https:\/\/portaxgo.tunuevasl.com\/#website","url":"https:\/\/portaxgo.tunuevasl.com\/","name":"porTAXgo","description":"porTAXgo","potentialAction":[{"@type":"SearchAction","target":{"@type":"EntryPoint","urlTemplate":"https:\/\/portaxgo.tunuevasl.com\/?s={search_term_string}"},"query-input":{"@type":"PropertyValueSpecification","valueRequired":true,"valueName":"search_term_string"}}],"inLanguage":"es"}]}},"_links":{"self":[{"href":"https:\/\/portaxgo.tunuevasl.com\/index.php\/wp-json\/wp\/v2\/pages\/34","targetHints":{"allow":["GET"]}}],"collection":[{"href":"https:\/\/portaxgo.tunuevasl.com\/index.php\/wp-json\/wp\/v2\/pages"}],"about":[{"href":"https:\/\/portaxgo.tunuevasl.com\/index.php\/wp-json\/wp\/v2\/types\/page"}],"author":[{"embeddable":true,"href":"https:\/\/portaxgo.tunuevasl.com\/index.php\/wp-json\/wp\/v2\/users\/1"}],"replies":[{"embeddable":true,"href":"https:\/\/portaxgo.tunuevasl.com\/index.php\/wp-json\/wp\/v2\/comments?post=34"}],"version-history":[{"count":4,"href":"https:\/\/portaxgo.tunuevasl.com\/index.php\/wp-json\/wp\/v2\/pages\/34\/revisions"}],"predecessor-version":[{"id":94,"href":"https:\/\/portaxgo.tunuevasl.com\/index.php\/wp-json\/wp\/v2\/pages\/34\/revisions\/94"}],"wp:attachment":[{"href":"https:\/\/portaxgo.tunuevasl.com\/index.php\/wp-json\/wp\/v2\/media?parent=34"}],"curies":[{"name":"wp","href":"https:\/\/api.w.org\/{rel}","templated":true}]}}