{"id":43,"date":"2025-02-25T09:41:16","date_gmt":"2025-02-25T09:41:16","guid":{"rendered":"https:\/\/portaxgo.tunuevasl.com\/index.php\/accesibilidad\/"},"modified":"2025-02-25T09:41:25","modified_gmt":"2025-02-25T09:41:25","slug":"accesibilidad","status":"publish","type":"page","link":"https:\/\/portaxgo.tunuevasl.com\/index.php\/accesibilidad\/","title":{"rendered":"Accesibilidad"},"content":{"rendered":"\t\t<div data-elementor-type=\"wp-page\" data-elementor-id=\"43\" class=\"elementor elementor-43\">\n\t\t\t\t<div class=\"elementor-element elementor-element-7e8b6c91 e-flex e-con-boxed e-con e-parent\" data-id=\"7e8b6c91\" data-element_type=\"container\">\n\t\t\t\t\t<div class=\"e-con-inner\">\n\t\t\t\t<div class=\"elementor-element elementor-element-318d435f elementor-widget elementor-widget-heading\" data-id=\"318d435f\" data-element_type=\"widget\" data-widget_type=\"heading.default\">\n\t\t\t\t<div class=\"elementor-widget-container\">\n\t\t\t\t\t<h2 class=\"elementor-heading-title elementor-size-default\">Accesibilidad<\/h2>\t\t\t\t<\/div>\n\t\t\t\t<\/div>\n\t\t\t\t<div class=\"elementor-element elementor-element-76773dd5 elementor-widget elementor-widget-text-editor\" data-id=\"76773dd5\" data-element_type=\"widget\" data-widget_type=\"text-editor.default\">\n\t\t\t\t<div class=\"elementor-widget-container\">\n\t\t\t\t\t\t\t\t\t<div><h3>Declaraci\u00f3n de accesibilidad<\/h3><p>Grupo Gestor se ha comprometido a hacer accesibles sus sitios web de conformidad con el\u00a0<a href=\"https:\/\/www.boe.es\/buscar\/act.php?id=BOE-A-2018-12699\">Real Decreto 1112\/2018, de 7 de septiembre<\/a>.<\/p><p>La presente declaraci\u00f3n de accesibilidad se aplica al sitio web\u00a0<a href=\"https:\/\/www.cem.es\/es\">www.cem.es<\/a>.<\/p><\/div><div><h3>Situaci\u00f3n de cumplimiento<\/h3><p>Este sitio web es parcialmente conforme con el RD 1112\/2018, de 7 de septiembre, debido a la falta de conformidad de los aspectos que se indican a continuaci\u00f3n.<\/p><\/div><div><h3>Contenido no accesible<\/h3><p>El contenido que se recoge a continuaci\u00f3n no es accesible por lo siguiente:<\/p><p><b>A) Falta de conformidad con el Real Decreto 1112\/2018:<\/b><\/p><p>\u00b7 Existen algunos enlaces sin descripci\u00f3n, sin texto o sin destino.<\/p><p>\u00b7 Faltan etiquetas o instrucciones cuando el contenido requiere la introducci\u00f3n de datos por parte del usuario.<\/p><p>\u00b7 Podr\u00edan existir algunos fallos puntuales de edici\u00f3n en alguna p\u00e1gina web.<\/p><p><b>B) Carga desproporcionada:<\/b><\/p><p>\u00b7 No aplica.<\/p><p><b>C) El contenido no entra dentro del \u00e1mbito de la legislaci\u00f3n aplicable:<\/b><\/p><p>\u00b7 Pueden existir contenidos multimedia anteriores al decreto pendientes de ser reemplazados.<\/p><p>\u00b7 Puede haber contenidos de terceros, como archivos ofim\u00e1ticos que deban publicarse en este sitio y que no cumplan en su totalidad todos los requisitos de accesibilidad.<\/p><\/div><div><h3>Preparaci\u00f3n de la presente declaraci\u00f3n de accesibilidad<\/h3><p>La presente declaraci\u00f3n fue preparada el 02 enero 2023.<\/p><p>El m\u00e9todo empleado para preparar la declaraci\u00f3n ha sido una autoevaluaci\u00f3n llevada a cabo por el propio organismo.<\/p><p>\u00daltima revisi\u00f3n de la declaraci\u00f3n: 02 enero 2023.<\/p><\/div><div><h3>Observaciones y datos de contacto<\/h3><p>Puede realizar comunicaciones sobre requisitos de accesibilidad (art\u00edculo 10.2.a) del Real Decreto 1112\/2018, de 7 de septiembre, por ejemplo:<\/p><ul><li>Informar sobre cualquier posible incumplimiento por parte de este sitio web.<\/li><li>Transmitir otras dificultades de acceso al contenido.<\/li><li>Formular cualquier otra consulta o sugerencia de mejora relativa a la accesibilidad del sitio web.<\/li><\/ul><p>Las comunicaciones las puede realizar a trav\u00e9s de las siguientes v\u00edas:<\/p><ul><li>Correo electr\u00f3nico: contacto@tunuevasl.com<\/li><li>Tel\u00e9fono: 658 764 276<\/li><\/ul><p>Tambi\u00e9n puede solicitar en formato accesible informaci\u00f3n que no cumpla con los requisitos de accesibilidad bien por estar excluida, bien por estar exenta por carga desproporcionada; o formular una queja por incumplimiento de los requisitos de accesibilidad.\u00a0<a href=\"https:\/\/gestiona.comunidad.madrid\/suqe_inter\/run\/j\/QuejaAlta.icm\">Enlace al procedimiento de solicitud de informaci\u00f3n accesible y quejas<\/a>.<\/p><p>A trav\u00e9s de este procedimiento podr\u00e1 iniciar una reclamaci\u00f3n para conocer y oponerse a los motivos por los que se ha desestimado una solicitud de informaci\u00f3n accesible o queja, instar la adopci\u00f3n de las medidas oportunas en el caso de no estar de acuerdo con la decisi\u00f3n adoptada, o exponer las razones por las que se considera que la respuesta no cumple con los requisitos exigidos.<\/p><\/div><div><h3>Procedimiento de aplicaci\u00f3n<\/h3><p>El procedimiento de reclamaci\u00f3n recogido en el art\u00edculo 13 del Real Decreto 1112\/2018, de 7 de septiembre, entrar\u00e1 en vigor el 20 de septiembre de 2020.<\/p><p>La reclamaci\u00f3n puede ser presentada trav\u00e9s de cualquiera de las opciones recogidas en la Ley 39\/ 2015, de 1 de octubre, del Procedimiento Administrativo Com\u00fan de las Administraciones P\u00fablicas.<\/p><\/div>\t\t\t\t\t\t\t\t<\/div>\n\t\t\t\t<\/div>\n\t\t\t\t\t<\/div>\n\t\t\t\t<\/div>\n\t\t\t\t<\/div>\n\t\t","protected":false},"excerpt":{"rendered":"<p>Accesibilidad Declaraci\u00f3n de accesibilidad Grupo Gestor se ha comprometido a hacer accesibles sus sitios web de conformidad con el\u00a0Real Decreto 1112\/2018, de 7 de septiembre. La presente declaraci\u00f3n de accesibilidad se aplica al sitio web\u00a0www.cem.es. Situaci\u00f3n de cumplimiento Este sitio web es parcialmente conforme con el RD 1112\/2018, de 7 de septiembre, debido a la [&hellip;]<\/p>\n","protected":false},"author":1,"featured_media":0,"parent":0,"menu_order":0,"comment_status":"closed","ping_status":"closed","template":"elementor_canvas","meta":{"_joinchat":[],"footnotes":""},"class_list":["post-43","page","type-page","status-publish","hentry"],"yoast_head":"<!-- This site is optimized with the Yoast SEO plugin v24.5 - https:\/\/yoast.com\/wordpress\/plugins\/seo\/ -->\n<title>Accesibilidad - porTAXgo<\/title>\n<meta name=\"robots\" content=\"index, follow, max-snippet:-1, max-image-preview:large, max-video-preview:-1\" \/>\n<link rel=\"canonical\" href=\"https:\/\/portaxgo.tunuevasl.com\/index.php\/accesibilidad\/\" \/>\n<meta property=\"og:locale\" content=\"es_ES\" \/>\n<meta property=\"og:type\" content=\"article\" \/>\n<meta property=\"og:title\" content=\"Accesibilidad - porTAXgo\" \/>\n<meta property=\"og:description\" content=\"Accesibilidad Declaraci\u00f3n de accesibilidad Grupo Gestor se ha comprometido a hacer accesibles sus sitios web de conformidad con el\u00a0Real Decreto 1112\/2018, de 7 de septiembre. La presente declaraci\u00f3n de accesibilidad se aplica al sitio web\u00a0www.cem.es. Situaci\u00f3n de cumplimiento Este sitio web es parcialmente conforme con el RD 1112\/2018, de 7 de septiembre, debido a la [&hellip;]\" \/>\n<meta property=\"og:url\" content=\"https:\/\/portaxgo.tunuevasl.com\/index.php\/accesibilidad\/\" \/>\n<meta property=\"og:site_name\" content=\"porTAXgo\" \/>\n<meta property=\"article:modified_time\" content=\"2025-02-25T09:41:25+00:00\" \/>\n<meta name=\"twitter:card\" content=\"summary_large_image\" \/>\n<meta name=\"twitter:label1\" content=\"Tiempo de lectura\" \/>\n\t<meta name=\"twitter:data1\" content=\"2 minutos\" \/>\n<script type=\"application\/ld+json\" class=\"yoast-schema-graph\">{\"@context\":\"https:\/\/schema.org\",\"@graph\":[{\"@type\":\"WebPage\",\"@id\":\"https:\/\/portaxgo.tunuevasl.com\/index.php\/accesibilidad\/\",\"url\":\"https:\/\/portaxgo.tunuevasl.com\/index.php\/accesibilidad\/\",\"name\":\"Accesibilidad - porTAXgo\",\"isPartOf\":{\"@id\":\"https:\/\/portaxgo.tunuevasl.com\/#website\"},\"datePublished\":\"2025-02-25T09:41:16+00:00\",\"dateModified\":\"2025-02-25T09:41:25+00:00\",\"breadcrumb\":{\"@id\":\"https:\/\/portaxgo.tunuevasl.com\/index.php\/accesibilidad\/#breadcrumb\"},\"inLanguage\":\"es\",\"potentialAction\":[{\"@type\":\"ReadAction\",\"target\":[\"https:\/\/portaxgo.tunuevasl.com\/index.php\/accesibilidad\/\"]}]},{\"@type\":\"BreadcrumbList\",\"@id\":\"https:\/\/portaxgo.tunuevasl.com\/index.php\/accesibilidad\/#breadcrumb\",\"itemListElement\":[{\"@type\":\"ListItem\",\"position\":1,\"name\":\"Portada\",\"item\":\"https:\/\/portaxgo.tunuevasl.com\/\"},{\"@type\":\"ListItem\",\"position\":2,\"name\":\"Accesibilidad\"}]},{\"@type\":\"WebSite\",\"@id\":\"https:\/\/portaxgo.tunuevasl.com\/#website\",\"url\":\"https:\/\/portaxgo.tunuevasl.com\/\",\"name\":\"porTAXgo\",\"description\":\"porTAXgo\",\"potentialAction\":[{\"@type\":\"SearchAction\",\"target\":{\"@type\":\"EntryPoint\",\"urlTemplate\":\"https:\/\/portaxgo.tunuevasl.com\/?s={search_term_string}\"},\"query-input\":{\"@type\":\"PropertyValueSpecification\",\"valueRequired\":true,\"valueName\":\"search_term_string\"}}],\"inLanguage\":\"es\"}]}<\/script>\n<!-- \/ Yoast SEO plugin. -->","yoast_head_json":{"title":"Accesibilidad - porTAXgo","robots":{"index":"index","follow":"follow","max-snippet":"max-snippet:-1","max-image-preview":"max-image-preview:large","max-video-preview":"max-video-preview:-1"},"canonical":"https:\/\/portaxgo.tunuevasl.com\/index.php\/accesibilidad\/","og_locale":"es_ES","og_type":"article","og_title":"Accesibilidad - porTAXgo","og_description":"Accesibilidad Declaraci\u00f3n de accesibilidad Grupo Gestor se ha comprometido a hacer accesibles sus sitios web de conformidad con el\u00a0Real Decreto 1112\/2018, de 7 de septiembre. La presente declaraci\u00f3n de accesibilidad se aplica al sitio web\u00a0www.cem.es. Situaci\u00f3n de cumplimiento Este sitio web es parcialmente conforme con el RD 1112\/2018, de 7 de septiembre, debido a la [&hellip;]","og_url":"https:\/\/portaxgo.tunuevasl.com\/index.php\/accesibilidad\/","og_site_name":"porTAXgo","article_modified_time":"2025-02-25T09:41:25+00:00","twitter_card":"summary_large_image","twitter_misc":{"Tiempo de lectura":"2 minutos"},"schema":{"@context":"https:\/\/schema.org","@graph":[{"@type":"WebPage","@id":"https:\/\/portaxgo.tunuevasl.com\/index.php\/accesibilidad\/","url":"https:\/\/portaxgo.tunuevasl.com\/index.php\/accesibilidad\/","name":"Accesibilidad - porTAXgo","isPartOf":{"@id":"https:\/\/portaxgo.tunuevasl.com\/#website"},"datePublished":"2025-02-25T09:41:16+00:00","dateModified":"2025-02-25T09:41:25+00:00","breadcrumb":{"@id":"https:\/\/portaxgo.tunuevasl.com\/index.php\/accesibilidad\/#breadcrumb"},"inLanguage":"es","potentialAction":[{"@type":"ReadAction","target":["https:\/\/portaxgo.tunuevasl.com\/index.php\/accesibilidad\/"]}]},{"@type":"BreadcrumbList","@id":"https:\/\/portaxgo.tunuevasl.com\/index.php\/accesibilidad\/#breadcrumb","itemListElement":[{"@type":"ListItem","position":1,"name":"Portada","item":"https:\/\/portaxgo.tunuevasl.com\/"},{"@type":"ListItem","position":2,"name":"Accesibilidad"}]},{"@type":"WebSite","@id":"https:\/\/portaxgo.tunuevasl.com\/#website","url":"https:\/\/portaxgo.tunuevasl.com\/","name":"porTAXgo","description":"porTAXgo","potentialAction":[{"@type":"SearchAction","target":{"@type":"EntryPoint","urlTemplate":"https:\/\/portaxgo.tunuevasl.com\/?s={search_term_string}"},"query-input":{"@type":"PropertyValueSpecification","valueRequired":true,"valueName":"search_term_string"}}],"inLanguage":"es"}]}},"_links":{"self":[{"href":"https:\/\/portaxgo.tunuevasl.com\/index.php\/wp-json\/wp\/v2\/pages\/43","targetHints":{"allow":["GET"]}}],"collection":[{"href":"https:\/\/portaxgo.tunuevasl.com\/index.php\/wp-json\/wp\/v2\/pages"}],"about":[{"href":"https:\/\/portaxgo.tunuevasl.com\/index.php\/wp-json\/wp\/v2\/types\/page"}],"author":[{"embeddable":true,"href":"https:\/\/portaxgo.tunuevasl.com\/index.php\/wp-json\/wp\/v2\/users\/1"}],"replies":[{"embeddable":true,"href":"https:\/\/portaxgo.tunuevasl.com\/index.php\/wp-json\/wp\/v2\/comments?post=43"}],"version-history":[{"count":4,"href":"https:\/\/portaxgo.tunuevasl.com\/index.php\/wp-json\/wp\/v2\/pages\/43\/revisions"}],"predecessor-version":[{"id":98,"href":"https:\/\/portaxgo.tunuevasl.com\/index.php\/wp-json\/wp\/v2\/pages\/43\/revisions\/98"}],"wp:attachment":[{"href":"https:\/\/portaxgo.tunuevasl.com\/index.php\/wp-json\/wp\/v2\/media?parent=43"}],"curies":[{"name":"wp","href":"https:\/\/api.w.org\/{rel}","templated":true}]}}

<div data-elementor-type="wp-page" data-elementor-id="43" class="elementor elementor-43">
				<div class="elementor-element elementor-element-7e8b6c91 e-flex e-con-boxed e-con e-parent" data-id="7e8b6c91" data-element_type="container">
					<div class="e-con-inner">
				<div class="elementor-element elementor-element-318d435f elementor-widget elementor-widget-heading" data-id="318d435f" data-element_type="widget" data-widget_type="heading.default">
				<div class="elementor-widget-container">
					<h2 class="elementor-heading-title elementor-size-default">Accesibilidad</h2>				</div>
				</div>
				<div class="elementor-element elementor-element-76773dd5 elementor-widget elementor-widget-text-editor" data-id="76773dd5" data-element_type="widget" data-widget_type="text-editor.default">
				<div class="elementor-widget-container">
									<div><h3>Declaración de accesibilidad</h3><p>Grupo Gestor se ha comprometido a hacer accesibles sus sitios web de conformidad con el <a href="https://www.boe.es/buscar/act.php?id=BOE-A-2018-12699">Real Decreto 1112/2018, de 7 de septiembre</a>.</p><p>La presente declaración de accesibilidad se aplica al sitio web <a href="https://www.cem.es/es">www.cem.es</a>.</p></div><div><h3>Situación de cumplimiento</h3><p>Este sitio web es parcialmente conforme con el RD 1112/2018, de 7 de septiembre, debido a la falta de conformidad de los aspectos que se indican a continuación.</p></div><div><h3>Contenido no accesible</h3><p>El contenido que se recoge a continuación no es accesible por lo siguiente:</p><p><b>A) Falta de conformidad con el Real Decreto 1112/2018:</b></p><p>· Existen algunos enlaces sin descripción, sin texto o sin destino.</p><p>· Faltan etiquetas o instrucciones cuando el contenido requiere la introducción de datos por parte del usuario.</p><p>· Podrían existir algunos fallos puntuales de edición en alguna página web.</p><p><b>B) Carga desproporcionada:</b></p><p>· No aplica.</p><p><b>C) El contenido no entra dentro del ámbito de la legislación aplicable:</b></p><p>· Pueden existir contenidos multimedia anteriores al decreto pendientes de ser reemplazados.</p><p>· Puede haber contenidos de terceros, como archivos ofimáticos que deban publicarse en este sitio y que no cumplan en su totalidad todos los requisitos de accesibilidad.</p></div><div><h3>Preparación de la presente declaración de accesibilidad</h3><p>La presente declaración fue preparada el 02 enero 2023.</p><p>El método empleado para preparar la declaración ha sido una autoevaluación llevada a cabo por el propio organismo.</p><p>Última revisión de la declaración: 02 enero 2023.</p></div><div><h3>Observaciones y datos de contacto</h3><p>Puede realizar comunicaciones sobre requisitos de accesibilidad (artículo 10.2.a) del Real Decreto 1112/2018, de 7 de septiembre, por ejemplo:</p><ul><li>Informar sobre cualquier posible incumplimiento por parte de este sitio web.</li><li>Transmitir otras dificultades de acceso al contenido.</li><li>Formular cualquier otra consulta o sugerencia de mejora relativa a la accesibilidad del sitio web.</li></ul><p>Las comunicaciones las puede realizar a través de las siguientes vías:</p><ul><li>Correo electrónico: contacto@tunuevasl.com</li><li>Teléfono: 658 764 276</li></ul><p>También puede solicitar en formato accesible información que no cumpla con los requisitos de accesibilidad bien por estar excluida, bien por estar exenta por carga desproporcionada; o formular una queja por incumplimiento de los requisitos de accesibilidad. <a href="https://gestiona.comunidad.madrid/suqe_inter/run/j/QuejaAlta.icm">Enlace al procedimiento de solicitud de información accesible y quejas</a>.</p><p>A través de este procedimiento podrá iniciar una reclamación para conocer y oponerse a los motivos por los que se ha desestimado una solicitud de información accesible o queja, instar la adopción de las medidas oportunas en el caso de no estar de acuerdo con la decisión adoptada, o exponer las razones por las que se considera que la respuesta no cumple con los requisitos exigidos.</p></div><div><h3>Procedimiento de aplicación</h3><p>El procedimiento de reclamación recogido en el artículo 13 del Real Decreto 1112/2018, de 7 de septiembre, entrará en vigor el 20 de septiembre de 2020.</p><p>La reclamación puede ser presentada través de cualquiera de las opciones recogidas en la Ley 39/ 2015, de 1 de octubre, del Procedimiento Administrativo Común de las Administraciones Públicas.</p></div>								</div>
				</div>
					</div>
				</div>
				</div>

<p>Accesibilidad Declaración de accesibilidad Grupo Gestor se ha comprometido a hacer accesibles sus sitios web de conformidad con el Real Decreto 1112/2018, de 7 de septiembre. La presente declaración de accesibilidad se aplica al sitio web www.cem.es. Situación de cumplimiento Este sitio web es parcialmente conforme con el RD 1112/2018, de 7 de septiembre, debido a la [&hellip;]</p>

<!-- This site is optimized with the Yoast SEO plugin v24.5 - https://yoast.com/wordpress/plugins/seo/ -->
<title>Accesibilidad - porTAXgo</title>
<meta name="robots" content="index, follow, max-snippet:-1, max-image-preview:large, max-video-preview:-1" />
<link rel="canonical" href="https://portaxgo.tunuevasl.com/index.php/accesibilidad/" />
<meta property="og:locale" content="es_ES" />
<meta property="og:type" content="article" />
<meta property="og:title" content="Accesibilidad - porTAXgo" />
<meta property="og:description" content="Accesibilidad Declaración de accesibilidad Grupo Gestor se ha comprometido a hacer accesibles sus sitios web de conformidad con el Real Decreto 1112/2018, de 7 de septiembre. La presente declaración de accesibilidad se aplica al sitio web www.cem.es. Situación de cumplimiento Este sitio web es parcialmente conforme con el RD 1112/2018, de 7 de septiembre, debido a la [&hellip;]" />
<meta property="og:url" content="https://portaxgo.tunuevasl.com/index.php/accesibilidad/" />
<meta property="og:site_name" content="porTAXgo" />
<meta property="article:modified_time" content="2025-02-25T09:41:25+00:00" />
<meta name="twitter:card" content="summary_large_image" />
<meta name="twitter:label1" content="Tiempo de lectura" />
	<meta name="twitter:data1" content="2 minutos" />
<script type="application/ld+json" class="yoast-schema-graph">{"@context":"https://schema.org","@graph":[{"@type":"WebPage","@id":"https://portaxgo.tunuevasl.com/index.php/accesibilidad/","url":"https://portaxgo.tunuevasl.com/index.php/accesibilidad/","name":"Accesibilidad - porTAXgo","isPartOf":{"@id":"https://portaxgo.tunuevasl.com/#website"},"datePublished":"2025-02-25T09:41:16+00:00","dateModified":"2025-02-25T09:41:25+00:00","breadcrumb":{"@id":"https://portaxgo.tunuevasl.com/index.php/accesibilidad/#breadcrumb"},"inLanguage":"es","potentialAction":[{"@type":"ReadAction","target":["https://portaxgo.tunuevasl.com/index.php/accesibilidad/"]}]},{"@type":"BreadcrumbList","@id":"https://portaxgo.tunuevasl.com/index.php/accesibilidad/#breadcrumb","itemListElement":[{"@type":"ListItem","position":1,"name":"Portada","item":"https://portaxgo.tunuevasl.com/"},{"@type":"ListItem","position":2,"name":"Accesibilidad"}]},{"@type":"WebSite","@id":"https://portaxgo.tunuevasl.com/#website","url":"https://portaxgo.tunuevasl.com/","name":"porTAXgo","description":"porTAXgo","potentialAction":[{"@type":"SearchAction","target":{"@type":"EntryPoint","urlTemplate":"https://portaxgo.tunuevasl.com/?s={search_term_string}"},"query-input":{"@type":"PropertyValueSpecification","valueRequired":true,"valueName":"search_term_string"}}],"inLanguage":"es"}]}</script>
<!-- / Yoast SEO plugin. -->

Accesibilidad Declaración de accesibilidad Grupo Gestor se ha comprometido a hacer accesibles sus sitios web de conformidad con el Real Decreto 1112/2018, de 7 de septiembre. La presente declaración de accesibilidad se aplica al sitio web www.cem.es. Situación de cumplimiento Este sitio web es parcialmente conforme con el RD 1112/2018, de 7 de septiembre, debido a la [&hellip;]
